**2. What is r(i)?
-24
Let h be ((-36)/(-30))/((-27)/(-180)). Let c(s) = -3*s + s - 3 + s. What is c(h)?
-11
Let d(i) = -i**2 - 2*i - 2. Let w be -6 + (-64)/(-11) - (-14)/77. Determine d(w).
-2
Let a(f) be the third derivative of 1/8*f**4 + 0*f - 1/3*f**3 - f**2 + 0. Suppose 2*s - 4*n - 26 = 0, 3*n = -3*s - 2*n - 5. Give a(s).
13
Let i = -16 + 22. Suppose -3*c - 12 = -6*c, 2*u - 5*c = 286. Let j(x) = -79*x - 72*x + u*x - 4. Give j(i).
8
Suppose 0 = 3*y + 4*i + 7, -5*y - 2*i = -6*i - 31. Let c = -15 + 17. Let k(a) = 2*a + 3. Let t(w) = -w - 4. Let m(z) = c*t(z) + y*k(z). Calculate m(-4).
-15
Suppose -2*x + 13 = y, -2*x + 5*y - 10*y + 33 = 0. Let d(f) = -7*f + 2. Calculate d(x).
-26
Let c(d) = d**2 - 3. Let k be c(3). Let z(h) be the second derivative of 0 - 21*h - 2/3*h**3 + 1/12*h**4 - 5/2*h**2. Determine z(k).
7
Let t(f) = f**3 + 28*f**2 + 56*f + 108. Let p be t(-26). Let i(b) = 3*b**2 - 2*b - 2. Calculate i(p).
38
Let p(v) = -4*v**3 - v**2 + v - 1. Let l be ((-1)/2)/((-1)/4). Let s be (-30)/(-10)*l/3. Suppose -b + 3*x = -2*b + 10, -b - s*x = -7. Calculate p(b).
-5
Let h(k) be the third derivative of 8*k**2 - 3*k - 1/6*k**4 + 1/40*k**6 + 1/2*k**3 - 1/60*k**5 + 0. Give h(2).
15
Let g(k) = k**3 + 4*k**2 + 2. Let v be -1*0*3/3*1. Suppose -12 = -v*l + 2*l + m, -l + 16 = -5*m. What is g(l)?
2
Suppose 0*l + 36 = 4*l - 4*p, 2*p = l - 4. Let x(o) = -o**2 + 15*o - 12. What is x(l)?
2
Let u(p) be the third derivative of -2/15*p**5 - 3/8*p**4 + 0 + 11/6*p**3 + 0*p + 1/120*p**6 + 24*p**2. What is u(9)?
11
Let z be 1/((-18)/15 + 1). Let s be (-6)/(-15) + (-3)/z. Let v(f) = 23*f**3 - f. Determine v(s).
22
Let h(b) be the third derivative of b**4/24 - b**3/2 + 5*b**2. Let m = -2 - -6. Let q be ((-10)/15)/(m/(-42)). Determine h(q).
4
Let t = 10 - 16. Let v = t + 8. Suppose -3*r + 10 = 4*q, r = v*q + 2*r - 6. Let x(w) = -w**2 + 4*w + 4. Give x(q).
4
Suppose 2*f + 60 = -5*v - f, -3*f - 48 = 4*v. Let l(c) = c**3 + 13*c**2 + 9*c - 6. Give l(v).
30
Let g be (-12 - -13) + (-12 + 0)/(-2). Let w(x) = x**3 - 5*x**2 - 9*x - 3. Give w(g).
32
Let w(j) = j**2 + 23 - 86 + 2*j + 18 + 23 + 20. What is w(-4)?
6
Suppose 0 = -2*w + 4 - 6. Let p(x) be the third derivative of -5*x**4/24 + 4*x**2. Let u be p(w). Let b(q) = -3*q + 7. Calculate b(u).
-8
Let q(b) be the second derivative of b**7/2520 + b**6/180 - b**5/60 - 13*b**4/12 + 18*b. Let g(i) be the third derivative of q(i). Determine g(-5).
3
Let f(w) = -2*w**2 - 47*w - 18. Let l be f(-23). Let k(r) = -3 - 4*r**2 + r**3 + 6*r - 3*r**2 - 4*r**2 + 5*r**2. Give k(l).
2
Let r(o) = -45*o + 18. Let w(c) = -13*c + 5. Let x(a) = 5*r(a) - 18*w(a). Give x(1).
9
Let g be (3 - 162/21) + (-4)/14. Let p(l) = l**2 + 6*l + 3. Calculate p(g).
-2
Let t be 4/6*(-41)/(492/(-270)). Let k(l) = -l**2 + 18*l - 39. Determine k(t).
6
Suppose -7 + 181 = 3*s. Let o(j) = -25*j + s - 114 + 56. Calculate o(1).
-25
Let n(y) be the second derivative of 1/2*y**3 + 0 + y - 1/6*y**4 + 1/60*y**5 - 3/2*y**2. Let w(b) be the first derivative of n(b). What is w(5)?
8
Suppose -3*p - 53 = d, d = -3*p - 2*p - 91. Let b = p + 23. Let y(f) = 1 + b*f - f**2 + 3*f**3 - 3*f + 0*f**2. Determine y(-1).
-4
Let j(h) = 10*h - 5883*h**3 - 4*h + 5882*h**3 + 6 - 3*h**2. Determine j(-4).
-2
Let i be (-7)/(455/(-1160)) - (-4)/26. Let r(t) = i + 2*t + 23 - 40. What is r(7)?
15
Suppose 2*f + 2*f = 0. Let n(t) = -10*t + t**2 + 6*t + t + t - 2 + 3*t. Determine n(f).
-2
Let y(f) = f**2 - 6*f + 4. Let u(s) = s**2 + 9*s + 5. Let g be u(-9). Suppose 48 = 5*d + 3*r, r - g*r + 40 = 4*d. Let a be d/(9/10) + -4. What is y(a)?
4
Let l(n) = 4*n**2 - 20*n - 1. Let p = -25 - -30. Let j be l(p). Let i(h) be the first derivative of -7*h**4/2 - h**2/2 - h - 2. Determine i(j).
14
Let y(q) = -q**2 + 2*q + 2. Let z(v) = v**2 - 4*v - 3. Let t(l) = -6*y(l) - 5*z(l). Calculate t(-5).
-12
Let w be ((-8)/(-20))/(2/90). Suppose -4*i + 6*g - g - 31 = 0, -3*i + 2*g - w = 0. Let d(v) = -v**2 + v**3 + 6*v - 1 + 7 + 6*v**2. What is d(i)?
-2
Let j(q) = -q**3 - 9*q**2 - 2*q + 5. Suppose -22 = 2*r - 4. Calculate j(r).
23
Let j(i) = 3*i - 19. Let p(y) = -3. Let b(o) = -j(o) + 4*p(o). Determine b(0).
7
Let b(s) = 4*s - 6. Let k be b(3). Suppose 0 = 4*r - 5*a + 13, -21 = 5*a - k. Let z be -2 + r - (-3)/1. Let g(u) = u**2 + 6*u - 8. Give g(z).
-8
Let h(y) be the second derivative of y**4/12 + y**3 + y**2/2 - y. Let t = -11868 + 11864. Calculate h(t).
-7
Let g(x) = 2*x**2 + 17. Suppose -2*s - 17 + 5 = -l, 0 = 4*s + 2*l + 8. Let a(h) = -h**2 - 8. Let w(k) = s*g(k) - 9*a(k). Calculate w(0).
4
Let a(h) be the second derivative of h**4/12 - h**3 - 2*h**2 + h. Suppose -26*f - 59 + 189 = 0. Give a(f).
-9
Let m(d) = 5 + 16*d - 4*d - 11*d. Suppose -y = y - 8. Give m(y).
9
Let k(h) be the third derivative of -h**4/12 + h**3/3 + 2*h**2. Suppose x - 24 = -4*u, 0 = 3*u + 2*u - 15. Suppose 4*j - 10*j + x = 0. What is k(j)?
-2
Let h(a) = 3*a + 4. Let i be h(0). Let f(b) = 3*b - 7. Give f(i).
5
Let l(z) = 20*z**2 - 9*z**2 - 10*z**2 - 9*z. Give l(7).
-14
Let n(w) = w**2 + 9*w - 5. Let z(q) = 5*q - 25. Let t be z(3). Determine n(t).
5
Let z(j) = 5*j + 5. Suppose -2*m + 0*m + 8 = -2*x, 2*x = -5*m - 22. Determine z(x).
-25
Let s(q) = -q**2 + 5*q + 1. Let h be s(5). Let v(z) = 6*z**3 + z**2 - 1. Let p be v(h). Let t(f) = -f + 3. Calculate t(p).
-3
Suppose -2*q = 3*x + q - 171, 228 = 4*x + 2*q. Let u = -55 + x. Let y(o) = -2*o + 2. What is y(u)?
-2
Let g(u) = -32 + 8*u - 5 - 7*u - 4*u + u. Calculate g(-17).
-3
Let g = -61 - -63. Suppose g*r - 121 + 115 = 0. Let c(z) = -z**3 + 2*z**2 - 2*z + 2. Determine c(r).
-13
Let m(q) = 3*q - 4*q**3 - 4*q**2 + q**3 + 4*q**3. Let u be m(3). Let c(f) be the second derivative of -f**5/20 - f**4/12 + 7*f**2/2 + 23*f. Determine c(u).
7
Let d(m) be the second derivative of -m**6/360 - m**5/20 - m**4/12 - m**3 - 19*m. Let v(s) be the second derivative of d(s). What is v(-6)?
-2
Suppose -163*c = -147*c + 16. Let v(q) = 12*q**3 + q**2 + q + 1. Give v(c).
-11
Let l(f) = -f**3 + 4*f**2 + 4*f - 5. Let t = 35 - 23. Suppose 3*b - 27 = -t. Determine l(b).
-10
Let i(p) = 0*p + 13 + 12*p**2 - 30 + 16 + 3*p - 2*p. Give i(2).
49
Let d(j) be the second derivative of -j**4/12 + 11*j**3/6 - 10*j**2 + 79*j - 3. Calculate d(9).
-2
Let y(x) = -x**2 + 7*x + 7. Let f be 84/5 - 6/(-30). Suppose 0 = 5*u - 5*s - 60, u - 2*s + 1 - f = 0. What is y(u)?
-1
Suppose -2*n - 2 = 35*u - 37*u, -5*n + 4*u = 8. Let i(t) = -t - 4. Give i(n).
0
Let j(z) = -z**3 - 4*z**2 - 2*z - 3. Let o be -13 - (-3)/(3/(-1)). Let v = -18 - o. Determine j(v).
5
Let f(b) be the second derivative of -b**5/40 + b**4/4 - b**3/3 + 16*b. Let m(d) be the second derivative of f(d). What is m(4)?
-6
Suppose l - y = y - 15, 0 = -5*y + 10. Let c(u) = -5*u + 21. Let a(o) = 0*o - 12 + 16 - o. Let g(b) = l*a(b) + 2*c(b). Calculate g(3).
1
Let u(r) = r - 7*r + r + r**2 - 5. Let s be 32/(-8) + 0 + 11. Let m be 22/(-154) - (-43)/s. Give u(m).
1
Let b(x) = -5*x + 3*x + 2 + 2. Suppose 6*a - 4*a = -3*a. Suppose -k + a*d + 4*d + 12 = 0, -5*k = 5*d - 10. What is b(k)?
-4
Let x(g) = 295*g**2 - 297*g**2 + 0*g**3 + 2 - 5*g + g**3. Let c(o) = -o**2 - o + 9. Let r be c(-3). Suppose 0 = -r*m + 16 - 4. What is x(m)?
14
Let g(l) be the third derivative of -l**7/2520 - l**6/120 - l**5/20 + 17*l**4/24 - 3*l**2. Let u(m) be the second derivative of g(m). Calculate u(-5).
-1
Let u = 321 + -322. Let n(j) = -7*j**2 - 5*j - 5. Let y(p) = p**2 + p + 1. Let w(t) = -n(t) - 5*y(t). Calculate w(u).
2
Let p(v) = -v**2 - 18. Let t(h) = h**2 + 9*h - 36. Let y be t(-12). Calculate p(y).
-18
Suppose -3*y - 3*d + 27 = 0, -5*d - 3 = y - 0. Let k = -11 + y. Let g(q) = q - 3 - q + k + q. Determine g(4).
2
Let x(k) = 9*k**2 - 15*k + 6. Let b(u) = -4*u**2 + 7*u - 3. Let l be (4/(-8))/((-1)/10). Let i(f) = l*b(f) + 2*x(f). Let v = -34 - -37. Determine i(v).
-6
Let x(o) be the second derivative of -22*o + 0*o**3 + 9/20*o**5 + 1/2*o**2 + 0*o**4 + 0. Calculate x(-1).
-8
Suppose 3*b = 3*c + 5*b + 14, 0 = -3*c + 5*b + 14. Let u be (6 + (c - -2))*2. Suppose 5*k - 13 = u. Let l(r) = r**2 - 3*r - 7. Give l(k).
3
Suppose -5*j = n - 13, 0 = n + 4*n - 15. Suppose -4*h + 16 = j*y, 5*y - 54 = 4*h - 0*h. Suppose -4*m - 6 = y. Let o(v) = -2*v. Give o(m).
8
Let i = -41 - -41. Let g(z) = z**3 - z**2 + 2*z - 3. Let u be g(i). Le